{"id":36,"date":"2021-01-19T17:45:21","date_gmt":"2021-01-19T16:45:21","guid":{"rendered":"https:\/\/www.georgs-orden.at\/?page_id=36"},"modified":"2026-04-27T16:03:06","modified_gmt":"2026-04-27T14:03:06","slug":"unser-auftrag","status":"publish","type":"page","link":"https:\/\/www.georgsorden.eu\/de\/unser-auftrag\/","title":{"rendered":"Unser Auftrag"},"content":{"rendered":"\n<p>Der St. Georgs-Orden bezweckt die Verehrung des Heiligen Georgs als Schutzpatron des Rittertums, die Pflege der Ritterlichkeit und einer ritterlichen Lebensauffassung. Der Orden ist christlich und europ\u00e4isch. Er unterst\u00fctzt den multinationalen alt\u00f6sterreichischen Staatsgedanken, das verst\u00e4rkte Erfordernis der Kooperation zwischen den Staaten Zentral- und S\u00fcdosteuropas und tritt f\u00fcr ein geeintes, selbstbewusstes Europa ein.<\/p>\n\n\n\n<p>Der Orden ist wertkonservativ, wirtschaftsliberal und bekennt sich zur Landesverteidigung und zur Verteidigung des gemeinsamen Europas, er versteht sich als Teil eines wertkonservativ-europaorientierten Netzwerkes und bezieht Stellung zu politischen Themen. Der Orden ist karitativ und bem\u00fcht, das Achtfache Elend zu lindern bzw. zu bek\u00e4mpfen:<\/p>\n\n\n\n<ul class=\"wp-block-list\">\n<li>Krankheit und Hunger<\/li>\n\n\n\n<li>Verlassenheit und Heimatlosigkeit<\/li>\n\n\n\n<li>Unglaube und Schuld<\/li>\n\n\n\n<li>Gleichg\u00fcltigkeit und Lieblosigkeit<\/li>\n<\/ul>\n\n\n\n<p>Der Orden ist elit\u00e4r. Die Aufnahme erfolgt ausschlie\u00dflich nach gepr\u00fcftem Vorschlag eines Ordensmitgliedes.<\/p>\n","protected":false},"excerpt":{"rendered":"<p>Der St. Georgs-Orden bezweckt die Verehrung des Heiligen Georgs als Schutzpatron des Rittertums, die Pflege der Ritterlichkeit und einer ritterlichen Lebensauffassung. Der Orden ist christlich und europ\u00e4isch. Er unterst\u00fctzt den multinationalen alt\u00f6sterreichischen Staatsgedanken, das verst\u00e4rkte Erfordernis der Kooperation zwischen den Staaten Zentral- und S\u00fcdosteuropas und tritt f\u00fcr ein geeintes, selbstbewusstes Europa ein. Der Orden ist &#8230; <a title=\"Unser Auftrag\" class=\"read-more\" href=\"https:\/\/www.georgsorden.eu\/de\/unser-auftrag\/\" aria-label=\"Mehr Informationen \u00fcber Unser Auftrag\">Weiterlesen<\/a><\/p>\n","protected":false},"author":1,"featured_media":0,"parent":0,"menu_order":0,"comment_status":"closed","ping_status":"closed","template":"","meta":{"footnotes":""},"class_list":["post-36","page","type-page","status-publish"],"publishpress_future_action":{"enabled":false,"date":"2026-05-10 19:05:55","action":"change-status","newStatus":"draft","terms":[],"taxonomy":"language","extraData":[]},"publishpress_future_workflow_manual_trigger":{"enabledWorkflows":[]},"rttpg_featured_image_url":null,"rttpg_author":{"display_name":"iktopia","author_link":"https:\/\/www.georgsorden.eu\/de\/author\/iktopia\/"},"rttpg_comment":0,"rttpg_category":false,"rttpg_excerpt":"Der St. Georgs-Orden bezweckt die Verehrung des Heiligen Georgs als Schutzpatron des Rittertums, die Pflege der Ritterlichkeit und einer ritterlichen Lebensauffassung. Der Orden ist christlich und europ\u00e4isch. Er unterst\u00fctzt den multinationalen alt\u00f6sterreichischen Staatsgedanken, das verst\u00e4rkte Erfordernis der Kooperation zwischen den Staaten Zentral- und S\u00fcdosteuropas und tritt f\u00fcr ein geeintes, selbstbewusstes Europa ein. Der Orden ist&hellip;","_links":{"self":[{"href":"https:\/\/www.georgsorden.eu\/de\/wp-json\/wp\/v2\/pages\/36","targetHints":{"allow":["GET"]}}],"collection":[{"href":"https:\/\/www.georgsorden.eu\/de\/wp-json\/wp\/v2\/pages"}],"about":[{"href":"https:\/\/www.georgsorden.eu\/de\/wp-json\/wp\/v2\/types\/page"}],"author":[{"embeddable":true,"href":"https:\/\/www.georgsorden.eu\/de\/wp-json\/wp\/v2\/users\/1"}],"replies":[{"embeddable":true,"href":"https:\/\/www.georgsorden.eu\/de\/wp-json\/wp\/v2\/comments?post=36"}],"version-history":[{"count":6,"href":"https:\/\/www.georgsorden.eu\/de\/wp-json\/wp\/v2\/pages\/36\/revisions"}],"predecessor-version":[{"id":18346,"href":"https:\/\/www.georgsorden.eu\/de\/wp-json\/wp\/v2\/pages\/36\/revisions\/18346"}],"wp:attachment":[{"href":"https:\/\/www.georgsorden.eu\/de\/wp-json\/wp\/v2\/media?parent=36"}],"curies":[{"name":"wp","href":"https:\/\/api.w.org\/{rel}","templated":true}]}}

<p>Der St. Georgs-Orden bezweckt die Verehrung des Heiligen Georgs als Schutzpatron des Rittertums, die Pflege der Ritterlichkeit und einer ritterlichen Lebensauffassung. Der Orden ist christlich und europäisch. Er unterstützt den multinationalen altösterreichischen Staatsgedanken, das verstärkte Erfordernis der Kooperation zwischen den Staaten Zentral- und Südosteuropas und tritt für ein geeintes, selbstbewusstes Europa ein.</p>



<p>Der Orden ist wertkonservativ, wirtschaftsliberal und bekennt sich zur Landesverteidigung und zur Verteidigung des gemeinsamen Europas, er versteht sich als Teil eines wertkonservativ-europaorientierten Netzwerkes und bezieht Stellung zu politischen Themen. Der Orden ist karitativ und bemüht, das Achtfache Elend zu lindern bzw. zu bekämpfen:</p>



<ul class="wp-block-list">
<li>Krankheit und Hunger</li>



<li>Verlassenheit und Heimatlosigkeit</li>



<li>Unglaube und Schuld</li>



<li>Gleichgültigkeit und Lieblosigkeit</li>
</ul>



<p>Der Orden ist elitär. Die Aufnahme erfolgt ausschließlich nach geprüftem Vorschlag eines Ordensmitgliedes.</p>

<p>Der St. Georgs-Orden bezweckt die Verehrung des Heiligen Georgs als Schutzpatron des Rittertums, die Pflege der Ritterlichkeit und einer ritterlichen Lebensauffassung. Der Orden ist christlich und europäisch. Er unterstützt den multinationalen altösterreichischen Staatsgedanken, das verstärkte Erfordernis der Kooperation zwischen den Staaten Zentral- und Südosteuropas und tritt für ein geeintes, selbstbewusstes Europa ein. Der Orden ist &#8230; <a title="Unser Auftrag" class="read-more" href="https://www.georgsorden.eu/de/unser-auftrag/" aria-label="Mehr Informationen über Unser Auftrag">Weiterlesen</a></p>

Der St. Georgs-Orden bezweckt die Verehrung des Heiligen Georgs als Schutzpatron des Rittertums, die Pflege der Ritterlichkeit und einer ritterlichen Lebensauffassung. Der Orden ist christlich und europäisch. Er unterstützt den multinationalen altösterreichischen Staatsgedanken, das verstärkte Erfordernis der Kooperation zwischen den Staaten Zentral- und Südosteuropas und tritt für ein geeintes, selbstbewusstes Europa ein. Der Orden ist&hellip;
